{"id":1452,"date":"2024-07-06T15:32:37","date_gmt":"2024-07-06T15:32:37","guid":{"rendered":"https:\/\/print.alphastudio.cm\/?post_type=product&#038;p=1452"},"modified":"2024-10-13T02:06:35","modified_gmt":"2024-10-13T02:06:35","slug":"faire-part","status":"publish","type":"product","link":"https:\/\/print.alphastudio.cm\/index.php\/product\/faire-part\/","title":{"rendered":"Faire part"},"content":{"rendered":"<p>Dans les moments les plus difficiles, exprimer vos sentiments avec respect et d\u00e9licatesse est essentiel. Nos faire-part de deuil personnalis\u00e9s vous permettent de partager avec vos proches l\u2019annonce d\u2019une perte tout en honorant la m\u00e9moire de votre \u00eatre cher.<\/p>\n","protected":false},"excerpt":{"rendered":"<ul>\n<li>Dimensions A4 ouvert<\/li>\n<li>2 types de papier au choix<\/li>\n<li>2 formats disponibles (4 &amp; 8pages)<\/li>\n<li>Quantit\u00e9 : \u00e0 partir de 100 pi\u00e8ces<\/li>\n<\/ul>\n","protected":false},"featured_media":1501,"comment_status":"open","ping_status":"closed","template":"","meta":{"inline_featured_image":false},"product_cat":[39],"product_tag":[],"aioseo_notices":[],"_links":{"self":[{"href":"https:\/\/print.alphastudio.cm\/index.php\/wp-json\/wp\/v2\/product\/1452"}],"collection":[{"href":"https:\/\/print.alphastudio.cm\/index.php\/wp-json\/wp\/v2\/product"}],"about":[{"href":"https:\/\/print.alphastudio.cm\/index.php\/wp-json\/wp\/v2\/types\/product"}],"replies":[{"embeddable":true,"href":"https:\/\/print.alphastudio.cm\/index.php\/wp-json\/wp\/v2\/comments?post=1452"}],"wp:featuredmedia":[{"embeddable":true,"href":"https:\/\/print.alphastudio.cm\/index.php\/wp-json\/wp\/v2\/media\/1501"}],"wp:attachment":[{"href":"https:\/\/print.alphastudio.cm\/index.php\/wp-json\/wp\/v2\/media?parent=1452"}],"wp:term":[{"taxonomy":"product_cat","embeddable":true,"href":"https:\/\/print.alphastudio.cm\/index.php\/wp-json\/wp\/v2\/product_cat?post=1452"},{"taxonomy":"product_tag","embeddable":true,"href":"https:\/\/print.alphastudio.cm\/index.php\/wp-json\/wp\/v2\/product_tag?post=1452"}],"curies":[{"name":"wp","href":"https:\/\/api.w.org\/{rel}","templated":true}]}}