{"id":4043,"date":"2024-10-01T02:53:22","date_gmt":"2024-10-01T02:53:22","guid":{"rendered":"https:\/\/print.alphastudio.cm\/?post_type=product&#038;p=4043"},"modified":"2024-10-06T02:20:05","modified_gmt":"2024-10-06T02:20:05","slug":"roll-up-online","status":"publish","type":"product","link":"https:\/\/print.alphastudio.cm\/index.php\/product\/roll-up-online\/","title":{"rendered":"Roll up (online)"},"content":{"rendered":"<p>Simplifiez l\u2019organisation de votre \u00e9v\u00e8nement avec un roll-up publicitaire pr\u00eat \u00e0 l\u2019emploi.<\/p>\n","protected":false},"excerpt":{"rendered":"<ul>\n<li><strong>NOUVEAU MOD\u00c8LE PLUS RESPECTUEUX DE L\u2019ENVIRONNEMENT\u00a0:<\/strong>\u00a0mat\u00e9riau sans\u00a0PVC disponible<\/li>\n<li>3\u00a0formats au choix<\/li>\n<li>3\u00a0supports au choix<\/li>\n<li>4\u00a0mat\u00e9riaux au choix<\/li>\n<li>Kit pr\u00e9assembl\u00e9 comprenant un support, une banderole et un \u00e9tui<\/li>\n<li>Impression nette, couleurs \u00e9clatantes<\/li>\n<\/ul>\n","protected":false},"featured_media":1786,"comment_status":"open","ping_status":"closed","template":"","meta":{"inline_featured_image":false},"product_cat":[82],"product_tag":[],"aioseo_notices":[],"_links":{"self":[{"href":"https:\/\/print.alphastudio.cm\/index.php\/wp-json\/wp\/v2\/product\/4043"}],"collection":[{"href":"https:\/\/print.alphastudio.cm\/index.php\/wp-json\/wp\/v2\/product"}],"about":[{"href":"https:\/\/print.alphastudio.cm\/index.php\/wp-json\/wp\/v2\/types\/product"}],"replies":[{"embeddable":true,"href":"https:\/\/print.alphastudio.cm\/index.php\/wp-json\/wp\/v2\/comments?post=4043"}],"wp:featuredmedia":[{"embeddable":true,"href":"https:\/\/print.alphastudio.cm\/index.php\/wp-json\/wp\/v2\/media\/1786"}],"wp:attachment":[{"href":"https:\/\/print.alphastudio.cm\/index.php\/wp-json\/wp\/v2\/media?parent=4043"}],"wp:term":[{"taxonomy":"product_cat","embeddable":true,"href":"https:\/\/print.alphastudio.cm\/index.php\/wp-json\/wp\/v2\/product_cat?post=4043"},{"taxonomy":"product_tag","embeddable":true,"href":"https:\/\/print.alphastudio.cm\/index.php\/wp-json\/wp\/v2\/product_tag?post=4043"}],"curies":[{"name":"wp","href":"https:\/\/api.w.org\/{rel}","templated":true}]}}